 5*b, 2*s = -5*b + 33. Suppose z = -5*q + 13, 2*q + 1 = s*q - z. Suppose 3*k = -8 - 4, 2*k = q*m - 36. What are the prime factors of m?
2, 7
Suppose -13 = -2*q - 3. Let u = -5 + q. Suppose u*m = m - 27. What are the prime factors of m?
3
What are the prime factors of (-12 + 9)/((-3)/11)?
11
What are the prime factors of 3 - (-8684)/10 - 8/20?
13, 67
Let l(k) = -k - 3. Let c be l(-1). What are the prime factors of c/8*(-2 + -10)?
3
Let a = 3 - 2. Let y(g) = g**3 - 11*g**2 + 17*g + 13. Let q be y(9). Suppose 2*z = -5*r + 104, q = -z + a. What are the prime factors of r?
2, 11
Suppose 3*a - 3*q = -2*a + 3126, -5*a = 2*q - 3141. What are the prime factors of a?
3, 11, 19
Let b(h) = 120*h**2 + 37*h - 171. What are the prime factors of b(4)?
7, 271
Let c(k) = 5*k**3 - 10*k**2 + 24*k + 8. Let x(l) = -4*l**3 + 10*l**2 - 24*l - 7. Let y(p) = 5*c(p) + 6*x(p). List the prime factors of y(-10).
2, 7, 17
Let x = 1340 - -4288. What are the prime factors of x?
2, 3, 7, 67
Suppose -6473 - 2266 = -3*j. List the prime factors of j.
3, 971
Let k(q) = -2*q**3 - 17*q**2 - 8*q + 34. What are the prime factors of k(-11)?
727
Suppose -37*t = -26*t - 8492. List the prime factors of t.
2, 193
Let i be 6/(-10) + (544/20)/(-8). List the prime factors of 1*498/i*(0 - 2).
3, 83
Let w be ((-3)/(-2) - 1)*0. Suppose -12 + w = -v. Let l = v + 8. What are the prime factors of l?
2, 5
Suppose -5*t - 3*w + 4003 = -0*w, -3*t = -5*w - 2429. List the prime factors of t.
11, 73
Let p be 2/1*(-10)/20. Let o be 0 + p + (0 - -1). Suppose 4*q - 158 = 2*j, o = -3*q + 3*j - 26 + 149. List the prime factors of q.
2, 19
Let s(g) = -8 + g + 20 + 2. What are the prime factors of s(13)?
3
Let z = 4 + 2. Suppose -5*b + 851 = 5*a + 306, -3*a - 5*b = -317. Suppose -z*t = -3*t - a. What are the prime factors of t?
2, 19
Let i be (2/(-1))/((-5)/(-20)). Let y = 14 - i. List the prime factors of y.
2, 11
Let v(s) = 2*s**3 + 20*s**2 - 7*s - 13. What are the prime factors of v(-9)?
2, 53
Let l(m) = 257*m**2 - 7*m - 3. What are the prime factors of l(4)?
7, 11, 53
Let l(x) = x**2 + 12*x + 22. Let q be l(-11). Suppose 18 - q = i. What are the prime factors of i?
7
Let q(r) = 6*r**2 - 13 + 6*r**3 - r**2 - r - r. Let j(b) = 5*b**3 + 6*b**2 - 2*b - 13. Let o(w) = 5*j(w) - 4*q(w). What are the prime factors of o(-10)?
7
Let a(v) = -v**2 - 15*v - 10. Suppose 3*k + 24 = 3*j, 3*j - 25 = 2*k - 10. What are the prime factors of a(k)?
2, 11
What are the prime factors of 94*18/8 + (-30)/20?
2, 3, 5, 7
Let g be (1 - 5)*(-4)/8. What are the prime factors of ((-36)/(-16))/(g/24)?
3
Let l(y) = 15*y - 10. Let w be l(14). Suppose -2*j + 70 = 3*q, 0*q + w = 5*j - 5*q. List the prime factors of j.
2, 19
Let s be 3915/(-36) - (-1)/(-4). List the prime factors of 2/(-4) - s/2.
2, 3
What are the prime factors of (84/294)/(2/28) + 4822?
2, 19, 127
Let l = 6 + -26. Let x = l + 14. What are the prime factors of ((-287)/21)/(2/x)?
41
Suppose 21*d + 1989 = 16122. List the prime factors of d.
673
What are the prime factors of (-56520)/(-22) + 2*(-2)/44?
7, 367
Let i = 1473 + 326. List the prime factors of i.
7, 257
Let b = -10 - -10. Suppose 4*h + h - 135 = b. Suppose -5*t - 2*w + 0*w + h = 0, -w = 4. What are the prime factors of t?
7
Suppose -2*j - 2*h + 2 = -6, 2*h + 13 = 5*j. Suppose -122 = -j*z - 8. List the prime factors of z.
2, 19
Let i = 64 + -54. Suppose -1246 = -i*b + 3*b. List the prime factors of b.
2, 89
Suppose -7*i + 20 = -36. Let w(s) = -s**2 + 14*s - 31. What are the prime factors of w(i)?
17
Suppose 20765 + 1153 = 13*i. What are the prime factors of i?
2, 3, 281
Let f(y) = -29*y + 33. What are the prime factors of f(-9)?
2, 3, 7
Suppose 3*r = -0*r - 5*w + 27, -4*w + 16 = 2*r. Let y(h) = -2 - 16*h + r*h + 3. What are the prime factors of y(-6)?
13
Let f(b) = b**2 - 7*b - 5. Let n be f(8). Let z be 3 - 5/(5/n). Let s(o) = o**2 - o + 22. List the prime factors of s(z).
2, 11
Let n(i) = i**3 + i**2 - 1. Let l be n(-2). Suppose 64 = 12*r - 32. Let d = r + l. List the prime factors of d.
3
List the prime factors of -31 - -1968 - 10*4/(-8).
2, 971
Suppose -1671 = -5*s - 526. What are the prime factors of s?
229
Suppose 2913 = 6*d + 285. List the prime factors of d.
2, 3, 73
Suppose 6*y + 109120 = 61*y. List the prime factors of y.
2, 31
Let x = 341 + 1199. List the prime factors of x.
2, 5, 7, 11
Suppose 12770 = 92*i - 87*i. List the prime factors of i.
2, 1277
Suppose l - 3*y = 3*l - 20, 2*l - 3*y = -4. Let z be 9 + (4 - 5) + l. Let r = z - 4. List the prime factors of r.
2
Suppose 20 = 6*t - 4*t. Let u = -5 + t. Suppose i - 2*n = 45, -i - u*n = -3*i + 88. What are the prime factors of i?
7
Let c(i) = -3*i - 12. Suppose 0 = -4*w + 10 - 2. Suppose -2*m = w*m + 20. List the prime factors of c(m).
3
Let z = -38 + 40. Suppose -k = -2*f + z*k + 151, 2*f = -5*k + 143. What are the prime factors of f?
2, 37
What are the prime factors of 287 + (-9)/18 + (-27)/6?
2, 3, 47
Suppose -3*h + 6*h + 74 = g, 4*h - 128 = -2*g. What are the prime factors of g?
2, 17
Suppose 10*t - 13040 = 2*t. List the prime factors of t.
2, 5, 163
Let k(b) = -2*b**3 + 51*b**2 - 8*b + 16. What are the prime factors of k(22)?
2, 3, 269
Suppose -3*u + 12 = -0*u. Suppose -m + 14 = u. List the prime factors of m.
2, 5
Suppose 29*a - 23*a - 11496 = 0. What are the prime factors of a?
2, 479
Suppose 3*s = 2*s + 949. What are the prime factors of s?
13, 73
Let u(s) = -s**3 + 17*s**2 - s - 12. Let z be u(14). Suppose -z = -3*y + 47. List the prime factors of y.
7, 29
Let x = -520 - -244. What are the prime factors of -7 + (-49)/(-7) - (x + 0)?
2, 3, 23
Suppose 0 = -3*z - 2*z. Suppose z*h - 2*h - 2*d + 2 = 0, 0 = 4*h + 3*d - 5. Let j = 45 + h. List the prime factors of j.
47
Let v(i) = 8*i - 6. Let y be (-3 + 39/15)*-5. What are the prime factors of v(y)?
2, 5
Let y(w) = 25*w - 129 + 6*w + 123 + 2*w. List the prime factors of y(5).
3, 53
Let f = -28 - -30. List the prime factors of 89 + 2 + (-1 - f).
2, 11
Suppose 780 = -0*a + 4*a. Suppose -2*h = h - a. Suppose i - 5*n = 2*i - h, 5*n - 225 = -5*i. List the prime factors of i.
2, 5
Let g be ((-712)/(-16))/(-1*2/(-4)). Let m = g + -24. What are the prime factors of m?
5, 13
Suppose -11*l - 28*l = -124761. What are the prime factors of l?
7, 457
Suppose -j + 23 = 10*y - 6*y, 4*j - 7 = y. Suppose -v = x - 3*v - 34, -146 = -4*x + j*v. List the prime factors of x.
2, 19
Suppose -655*g + 4384 = -639*g. What are the prime factors of g?
2, 137
Let d = 259 - -322. List the prime factors of d.
7, 83
Let k = 41 - 20. Suppose -k = -5*n + 14. What are the prime factors of n?
7
Let c(a) = 11*a**2 + 142*a + 19. List the prime factors of c(-19).
2, 17, 19
Let c(u) = -u**2 + 18. Let r be c(0). Suppose -3*n + r = -0. Suppose -4*s = -n*s + 46. List the prime factors of s.
23
Let c be (4/(-12))/(1/(-3)). Suppose -21 + 19 = -g. Suppose -c = -g*z + 15. List the prime factors of z.
2
Suppose 3*g - 3*p - 1326 = 0, 8 = p + 11. List the prime factors of g.
439
Let o(v) = -11*v. Suppose 6*n - 4*w - 80 = 2*n, n - 23 = 2*w. Suppose -p = -5*b - 0*p - 10, p + n = -4*b. What are the prime factors of o(b)?
3, 11
Let c(a) = a**2 + 16*a + 19. Let n be c(-15). What are the prime factors of 2/2 + 6 + (46 - n)?
7
Let j(w) = -46*w + 2. Suppose 2*c - 2*r - 6 = r, 4*r - 26 = -3*c. Suppose 0 = i - 3*i + 4*a + c, 0 = -4*i + 2*a. List the prime factors of j(i).
2, 3
Let z be -1*1/2*-10. Let n = -1 + z. Suppose 4*q = -n*d + 8, d - 3*q - 2*q = 32. List the prime factors of d.
7
Let m = 278 + -56. What are the prime factors of m?
2, 3, 37
Let a(p) = p**3 - 6*p**2 + p - 9. Let g be a(6). Let q be 5/((-5)/g) + -39. What are the prime factors of (-1215)/q + 2/8?
2, 17
Let f(x) = 370*x - 172. What are the prime factors of f(3)?
2, 7, 67
Let q = 165 + -97. Let w = 74 - q. What are the prime factors of w?
2, 3
Let w(a) = -11*a + 94. List the prime factors of w(-15).
7, 37
Let g(v) = v**2 - 10*v - 14. Let p be g(11). Suppose -3*j - 62 = -2*j. What are the prime factors of p/6*j + -3?
2, 7
Let k(l) = 3*l + 17. Suppose f = -0*f. Suppose 0*z - z + 7 = f. List the prime factors of k(z).
2, 19
Let a = 3892 + -1146. List the prime factors of a.
2, 1373
Let o = 3 - 0. Suppose -5 = -i - o. What are the prime factors of 1 + i + 48/2?
3
Suppose 4*a - 67 + 27 = 0. Let k(p) 